1366 - 11356) + -10?
11
Calculate 8 + (-62 - -122) + -59 + (1 - (1 + 72)).
-63
What is -79 + 93 - (-3 + 61) - (-6 - 4)?
-34
What is the value of 91 + -113 - (-31 - 26)?
35
Calculate (71 - 95) + 9 + 6 + 2 + -5.
-12
(-115 - -49 - -15) + 13
-38
What is the value of (-6 + 6 - 0 - -105) + -5 - (-20 - -32)?
88
Evaluate -10 + -1 + -46 + 10 - -19.
-28
33 + 117 + -115 + 0 + -1
34
Calculate -48 + 15 - (-61 + 74).
-46
What is the value of -117 - (39 - 20) - -156?
20
Calculate -16 + -1 - (36 - (148 + 6 + -17)).
84
Evaluate (-54 - -121 - 95) + -46.
-74
Evaluate 1 + -8 - 4 - -3 - (7 - -36).
-51
What is (14 - -17) + 11 + -57 + 67?
52
Calculate -1 - 4 - (-4 + -8 + -9).
16
31 + -63 + -53 - -141
56
Calculate (102 - -5) + (-70 - (-130 + 97)).
70
What is the value of -48 + (0 - 0 - -2) + -4272 + 4263?
-55
What is (-2 - -3 - 3) + 104 + -102 + 26?
26
Calculate 13 + 3 + -97 + 31 + 25.
-25
Calculate 2 + -12 + (129 - 150).
-31
What is -11 + (11 - (19 - 9)) - (-2 + 8 + -102)?
86
Calculate 47 - -2 - (31 - (21 - 0) - (11 + 9)).
59
Calculate -7 + -23 + -8 + 50.
12
7 + (-16 - (-15 + 36) - 0)
-30
Evaluate -2 + 3 + (-7 - -1) - (-341 + -66 - -425).
-23
What is the value of (-139 - -119) + -5 + 1 + 1 + (-7 - 0)?
-30
What is the value of 109 + 1 + (5 - -5) + -57 + -55 + 96?
104
6 + (-7 + 33 + -36 - (2 + 0)) + -5
-11
(240 - (193 + -21)) + (0 + -1 - 4)
63
What is (14 - -11) + (13 - 15 - -1)?
24
What is the value of (13 - (141 - -3)) + (-4 + 13 - -12)?
-110
Calculate (-109 - -111) + (-3 - -4 - 0) + -3.
0
What is the value of -56 + (-9 - (2 - 20 - 2)) + -21?
-66
Evaluate -175 + 23 + 453 + -240.
61
What is the value of -7 + (-7 - (7 + (-14 - (9 - 7)) - -3))?
-8
(-14 - (-82 - -8)) + (-1 - -3) + -2 + 6
66
Evaluate -29 - (-42 + 41 + -2 - ((1 - 5) + -1)).
-31
What is 3 + -4 + 4 - (1454 - 1440)?
-11
What is (44 - 32) + 1 + -1 + (10 - 11)?
11
-562 - -836 - (162 + -4)
116
122 + -138 + 33 + 28
45
What is -62 + 99 + -66 - (11 + 36)?
-76
5 + -2 + (7 - 2 - 10 - (9 - 5))
-6
Calculate (17 - 28 - -3) + -31.
-39
((-14 - (-9 - (1 - 2))) + 13 - -4) + -106
-95
What is the value of 59 - (10 + 49) - 48?
-48
What is the value of (-66 - 25) + -76 + 128?
-39
Calculate 65 + -10 + (-1 - -1) + (2 - 11).
46
38 - (122 - 102 - (2 + -7))
13
5 + -10 - (6 - (-11 + 15 + -1)) - 19
-27
What is -10 + (-2 - -2) + (10 - (4 + -11)) + -18?
-11
Calculate -30 - (-64 + 39) - (-3 + -18).
16
What is the value of 9 - 13 - (-3 + 0 + (5 - 51))?
45
Evaluate 41 + -29 + 3 + -6.
9
What is the value of (-40 - (-5 + -5)) + (4 - 12)?
-38
Calculate 44 - (-13 - 3 - (-16 + -12 + 30)).
62
(4 - 3 - (10 - 2 - (-24 + 39))) + -10
-2
(-656 - -723) + -26 + -9
32
What is 12 - ((-3 - (7 - 27)) + 2 + -2)?
-5
What is (2209 - 2143) + (2 - -1) - -31?
100
What is -3 - 28 - -29 - (21 - (-4 - -3))?
-24
What is the value of (2 - (4 - (3 + -6)) - 6) + 3 + -96?
-104
Evaluate -22 + (-4 - -2) + (3090 - 3121 - (-26 + 1)).
-30
What is (-4 - (1 + -3) - -7) + -93 + -59 + 115?
-32
(2 - 66) + (12 - (-11 + 7))
-48
Calculate -2 - -11 - -1 - (73 + -8 + 1) - -6.
-50
What is the value of 33 + -65 + 18 + 49?
35
(-9 - (-62 - -11)) + -22 - 30
-10
(-6 - -21) + 1 + -25 + (-24 - 38)
-71
Calculate (-10 - (-72 + 49)) + 2 + (-18 - 0).
-3
What is -142 - -221 - 4 - (2 + 11)?
62
-28 + (-52 - -26) + 30 + 109
85
Calculate (-58 - (-10 + 2 + (16 - (-20 + 29)))) + 3.
-54
52 + -17 + 0 + -5 - 15
15
Calculate (18 - 152) + (-262 - -312).
-84
Evaluate -144 + (88 - -34 - 58).
-80
What is the value of (-24 - 22) + (9 - 15) + 3 + 4 + -1?
-46
What is the value of (-36 - -63 - -45) + -143?
-71
What is the value of 3 - ((29 - 123) + 34 + (2 - 16))?
77
What is -32 - -95 - (92 + -36)?
7
Calculate 1 - 19 - ((-111 - -136) + (-4 - 16)).
-23
What is the value of (-10 - -6) + 13 + -115 - (5 - (3 - -1))?
-107
What is the value of -6 - 26 - (-78 + 59)?
-13
What is the value of (12 - (-9 + 35)) + (18 - 2) - (-32 + 1)?
33
What is -2 + (-27 - (-3 + 7))?
-33
What is the value of -79 - (-179 - (-76 + 15))?
39
(172 - 206) + -5 + (2 - 3 - 1)
-41
What is the value of 0 + (-30 - (-12 - 55))?
37
Evaluate -14 - (-32 - -56) - (-21 - -3).
-20
Evaluate -1 - ((25 - 25) + 19).
-20
20 + 0 - (9 + 32 + -53)
32
Calculate (-5 - 4) + (-1 + 10 + (40 - 70) - 8).
-38
Evaluate -2 + (3 - -44) + -12 - (3 + 6 + -7).
31
What is (-16 - -36) + (3 - -8 - -11)?
42
Evaluate (-4 - -6) + (-16 + 2 - (0 + -19)).
7
1 - -36 - (2178 + -2131)
-10
What is 96 + -60 - 40 - (-18 - 1)?
15
Calculate -10 + (3 - -60) - (1 - -17).
35
6 - (2 - (0 - (18 + (4 - 5))))
-13
Evaluate 11 + -15 - (-40 + -2).
38
What is the value of 4 + 26 + (-24 - (43 + 32))?
-69
What is the value of -41 - (-9 - -4) - (2 + 15)?
-53
Evaluate -7 + 127 - (5 + -31 + (4 - -13)).
129
103 + -27 - ((-2 - -8) + -6)
76
What is the value of 5 + (11 + -2 - -5) + (-4 - 4 - -3)?
14
-1 + (1 - 8 - -2) + (111 - 131)
-26
Evaluate 7 + -1 + (-1607 - -1592).
-9
What is 0 + 3 - 4 - (-64 - -105)?
-42
What is 26 - (9 + -22 + 21 + 9)?
9
What is the value of 17 + (3 - 0) + -660 + 680?
40
What is 0 + 0 - 67 - (-125 - (245 + -374))?
-71
-13 + 0 - (37 + (-5 - 22) + -4)
-19
What is -62 - ((-60 - (34 - 81)) + (-1 - 7))?
-41
Calculate -20 + -3 - (-76 + (68 - 36)).
21
Evaluate (106 - (23 + 3)) + -34.
46
1061 + -945 - (-2 + (1 - (-17 - -2)))
102
Evaluate -100 + 205 - 106 - (-1 - -13).
-13
Calculate 2 + 7 + (-32 - -22) + (8 - (59 - -1)).
-53
What is (-82 - -108) + 2 + (-6 - -7) + 12?
41
Calculate 6 + (-1 + 22 - (-58 + 54)).
31
Calculate (-82 - (-70 - -201)) + 111.
-102
What is the value of (115 - 41) + -54 + 72?
92
What is the value of (10 + -7 + -16 + 10 - 3) + (94 - -2)?
90
-68 - (-63 + 35) - (1 + -11 + 1)
-31
Evaluate (3 - (11 - (-7 - -3 - -9)) - 1) + -74.
-78
What is -13 + (13 - 23 - 18) + -5 + -14?
-60
Evaluate (-2 - 24) + (54 + -73 - -40).
-5
What is -22 - ((10 - 24) + 14)?
-22
What is the value of -14 - ((12 - (47 - (8 + 6))) + 10)?
-3
Calculate 20 + 62 + -153 - -87.
16
-2 - ((2 - 4) + (-51 - (-44 - 11)))
-4
Evaluate (-8 - 26) + (3 - 10 - (-7 - (14 - 16))).
-36
What is (13 + -8 + 8 - (0 - -3) - 11) + 53?
52
Evaluate 6596 + -6584 - (-42 - 0).
54
-4 + (31 - 17) - 10 - (1 - 4)
3
What is (-9 - 9 - -17) + 31 + (3 - 5) + -7?
21
Evaluate 23 - (-54 - (-26 - 40)).
11
14 - (121 - (35 + 11))
-61
Evaluate 16 + (-23 - (-26 + (-18 - -37))).
0
Evaluate 14 - 0 - ((216 - 14) + -136).
-52
Evaluate -31 + 63 + -5 + (-1 + 8 - (-33 - -43)).
24
66 + 7 + -111 + 120
82
Calculate 14 - (-28 + (59 - (22 - 28))).
-23
What is 79 + -87 - (-41 - 26)?
59
Evaluate -103 - (-49 + -11) - -56.
13
What is the value of (1457 - 1456) + (-59 - -3)?
-55
Calculate 17 - (5 + -20 - (8 - (14 + 1))).
25
What is (-249 - -262) + 14 + (-5 - 69)?
-47
What is the value of 11 + -1 + 4 + -1 + -472 + 492?
33
Evaluate 61 - (5 - (12 - (-4 + 28)) - 13).
57
What is 16 + 34 + -41 + (-86 - -6)?
-71
What is 61 - (2 - (-12 + -15 + 38 + -13))?
57
Evaluate (1 - -20) + (79 - 75) + 22.
47
Calculate -28 + 47 - (-1 + -14 + 7).
27
What is -45 - (-43 - (-63 + 50))?
-15
What is the value of (-18 - (-23 + 1)) + -15 - -16?
5
What is -15 + 5 - (-11 + 6 - (0 + -53))?
-58
Calculate 9 - ((-45 + 3 - -20) + 5 + 1).
25
What is the value of -27 - (-3 + 1) - (-4917 + 4931)?
-39
What is -42 + 95 + 16 + -4?
65
What is the value of 37 + 4 - (-14 + (-15 + 1 - -30 - 11))?
50
What is the value of (-47 - 113 - -57) + (3 - 0 - (-9 - -11))?
-102
What is the value of 46 - (-72 + 58 - -35)?
25
(-10 - ((-7 - 5) + 4)) + 2 + -12
-12
Evaluate 5 - (12 + -29 + -10 + (-3 - -4) + 3).
28
(-91 - -9) + (45 - 10) + -9
-56
What is -99 + (-40 - (-57 - 3))?
-79
What is the value of -821 + 872 - (30 - 2)?
23
Evaluate 75 + 6 + -70 + 26 - 58.
-21
What is -10 - (-77 - -18) - -31?
80
What is the value of 5 + (25 + 26 + -52 - (-1 + 122 + -2))?
-115
-22 + (3 - (-72 + 18)) - 11
24
What is the value of 33 + -34 + -11 + (3 - -72) + -3?
60
What is 1725 + -1753 + (-1 - -51) + -4?
18
What is (-16 - 0 - (207 + -182)) + 12?
-29
What is 1963 + -1955 - (0 + 1 - 13 - -2)?
18
6 - -6 - ((0 - 9) + 38)
-17
62 + (-11 - 13) + (-1 - -4) - -11
52
What is (13 - 43) + 53 + 19?
42
Evaluate -76 - (26 + 2 + (-3 - 21) + -1 + 8).
-87
Calculate (22 - (-14 - -83)) + -17 + 1 - -7.
-56
What is the value of -20 + (9 - -5 - (-13 + (3 - -14)))?
-10
146 + -179 + (69 - -15)
51
What is -72 + -77 + 174 - 47?
-22
17 - (-3 - (-5 + -18 + -8))
-11
-16 + (12 - (